{"id":14,"date":"2020-07-27T10:17:21","date_gmt":"2020-07-27T13:17:21","guid":{"rendered":"https:\/\/renovaseguros.com.br\/seguro-rural\/?page_id=14"},"modified":"2024-04-08T14:31:04","modified_gmt":"2024-04-08T17:31:04","slug":"home","status":"publish","type":"page","link":"https:\/\/renovaseguros.com.br\/seguro-rural\/","title":{"rendered":"Home"},"content":{"rendered":"<div class=\"slider-wrapper relative\" id=\"slider-523608038\" >\n    <div class=\"slider slider-nav-circle slider-nav-large slider-nav-light slider-style-normal\"\n        data-flickity-options='{\n            \"cellAlign\": \"center\",\n            \"imagesLoaded\": true,\n            \"lazyLoad\": 1,\n            \"freeScroll\": false,\n            \"wrapAround\": true,\n            \"autoPlay\": 6000,\n            \"pauseAutoPlayOnHover\" : true,\n            \"prevNextButtons\": true,\n            \"contain\" : true,\n            \"adaptiveHeight\" : true,\n            \"dragThreshold\" : 10,\n            \"percentPosition\": true,\n            \"pageDots\": true,\n            \"rightToLeft\": false,\n            \"draggable\": true,\n            \"selectedAttraction\": 0.1,\n            \"parallax\" : 0,\n            \"friction\": 0.6        }'\n        >\n        \n\n  <div class=\"banner has-hover\" id=\"banner-1909298639\">\n          <div class=\"banner-inner fill\">\n        <div class=\"banner-bg fill\" >\n            <div class=\"bg fill bg-fill \"><\/div>\n                        <div class=\"overlay\"><\/div>            \n                    <\/div>\n        <div class=\"banner-layers container\">\n            <div class=\"fill banner-link\"><\/div>            \n   <div id=\"text-box-1857229320\" class=\"text-box banner-layer x5 md-x5 lg-x5 y50 md-y50 lg-y50 res-text\">\n                     <div data-animate=\"bounceInRight\">           <div class=\"text-box-content text dark\">\n              \n              <div class=\"text-inner text-left\">\n                  \n<h1>Seguros Agro<\/h1>\n<p>Diminua os riscos na sua atividade agropecu\u00e1ria e mantenha a sobreviv\u00eancia do seu neg\u00f3cio com as melhores op\u00e7\u00f5es de seguros do mercado.<\/p>\n<a href=\"#sobre\" target=\"_self\" class=\"button primary\"  >\n    <span>saiba mais<\/span>\n  <\/a>\n\n              <\/div>\n           <\/div>\n       <\/div>                     \n<style>\n#text-box-1857229320 {\n  width: 94%;\n}\n#text-box-1857229320 .text-box-content {\n  font-size: 100%;\n}\n@media (min-width:550px) {\n  #text-box-1857229320 {\n    width: 37%;\n  }\n}\n<\/style>\n    <\/div>\n \n        <\/div>\n      <\/div>\n\n            \n<style>\n#banner-1909298639 {\n  padding-top: 500px;\n}\n#banner-1909298639 .bg.bg-loaded {\n  background-image: url(https:\/\/renovaseguros.com.br\/seguro-rural\/wp-content\/uploads\/2022\/08\/seguro-agro-1024x683.jpeg);\n}\n#banner-1909298639 .overlay {\n  background-color: rgba(0, 0, 0, 0.25);\n}\n#banner-1909298639 .bg {\n  background-position: 1% 42%;\n}\n<\/style>\n  <\/div>\n\n\n\n  <div class=\"banner has-hover\" id=\"banner-878812320\">\n          <div class=\"banner-inner fill\">\n        <div class=\"banner-bg fill\" >\n            <div class=\"bg fill bg-fill \"><\/div>\n                        <div class=\"overlay\"><\/div>            \n                    <\/div>\n        <div class=\"banner-layers container\">\n            <div class=\"fill banner-link\"><\/div>            \n   <div id=\"text-box-818595860\" class=\"text-box banner-layer x5 md-x5 lg-x5 y50 md-y50 lg-y50 res-text\">\n                     <div data-animate=\"bounceInRight\">           <div class=\"text-box-content text dark\">\n              \n              <div class=\"text-inner text-left\">\n                  \n<h1>Seguro para Cavalos<\/h1>\n<p>Garanta diversas coberturas para seu cavalo, desde roubo, acidentes e doen\u00e7as, at\u00e9 coberturas especiais como cirurgia eletiva, prenhez e muito mais!<\/p>\n<a href=\"#sobre\" target=\"_self\" class=\"button primary\"  >\n    <span>saiba mais<\/span>\n  <\/a>\n\n              <\/div>\n           <\/div>\n       <\/div>                     \n<style>\n#text-box-818595860 {\n  width: 94%;\n}\n#text-box-818595860 .text-box-content {\n  font-size: 100%;\n}\n@media (min-width:550px) {\n  #text-box-818595860 {\n    width: 40%;\n  }\n}\n<\/style>\n    <\/div>\n \n        <\/div>\n      <\/div>\n\n            \n<style>\n#banner-878812320 {\n  padding-top: 500px;\n}\n#banner-878812320 .bg.bg-loaded {\n  background-image: url(https:\/\/renovaseguros.com.br\/seguro-rural\/wp-content\/uploads\/2022\/08\/seguro-para-cavalos-1024x426.jpg);\n}\n#banner-878812320 .overlay {\n  background-color: rgba(0, 0, 0, 0.59);\n}\n#banner-878812320 .bg {\n  background-position: 15% 56%;\n}\n<\/style>\n  <\/div>\n\n\n\n  <div class=\"banner has-hover\" id=\"banner-916129959\">\n          <div class=\"banner-inner fill\">\n        <div class=\"banner-bg fill\" >\n            <div class=\"bg fill bg-fill \"><\/div>\n                        <div class=\"overlay\"><\/div>            \n                    <\/div>\n        <div class=\"banner-layers container\">\n            <div class=\"fill banner-link\"><\/div>            \n   <div id=\"text-box-1282116119\" class=\"text-box banner-layer x5 md-x5 lg-x5 y50 md-y50 lg-y50 res-text\">\n                     <div data-animate=\"bounceInRight\">           <div class=\"text-box-content text dark\">\n              \n              <div class=\"text-inner text-left\">\n                  \n<h1>Seguros para Rebanhos<\/h1>\n<p>O Seguro para rebanhos \u00e9 voltado para animais destinados principalmente ao consumo, cria, recria, engorda e termina\u00e7\u00e3o em confinamento.<\/p>\n<a href=\"#sobre\" target=\"_self\" class=\"button primary\"  >\n    <span>saiba mais<\/span>\n  <\/a>\n\n              <\/div>\n           <\/div>\n       <\/div>                     \n<style>\n#text-box-1282116119 {\n  width: 94%;\n}\n#text-box-1282116119 .text-box-content {\n  font-size: 100%;\n}\n@media (min-width:550px) {\n  #text-box-1282116119 {\n    width: 39%;\n  }\n}\n<\/style>\n    <\/div>\n \n        <\/div>\n      <\/div>\n\n            \n<style>\n#banner-916129959 {\n  padding-top: 500px;\n}\n#banner-916129959 .bg.bg-loaded {\n  background-image: url(https:\/\/renovaseguros.com.br\/seguro-rural\/wp-content\/uploads\/2022\/08\/seguro-para-rebanhos-1024x681.png);\n}\n#banner-916129959 .overlay {\n  background-color: rgba(0, 0, 0, 0.436);\n}\n#banner-916129959 .bg {\n  background-position: 25% 56%;\n}\n<\/style>\n  <\/div>\n\n\n     <\/div>\n\n     <div class=\"loading-spin dark large centered\"><\/div>\n\n     \t<\/div>\n\n\n<span class=\"scroll-to\" data-label=\"Scroll to: #sobre\" data-bullet=\"false\" data-link=\"#sobre\" data-title=\"sobre\"><a name=\"sobre\"><\/a><\/span>\n\t<div id=\"gap-1086636513\" class=\"gap-element clearfix\" style=\"display:block; height:auto;\">\n\t\t\n<style>\n#gap-1086636513 {\n  padding-top: 59px;\n}\n<\/style>\n\t<\/div>\n\t\n<div class=\"row align-middle\"  id=\"row-1320531711\">\n\n\t<div id=\"col-618157675\" class=\"col small-12 large-12\"  >\n\t\t\t\t<div class=\"col-inner\"  >\n\t\t\t\n\t\t\t\n<h2>O que s\u00e3o os Seguros Agro?<\/h2>\n<div>\n<p>O Seguro Agro tem como principal objetivo proteger o produtor rural contra perdas causadas por fen\u00f4menos adversos da natureza, respeitando os limites m\u00e1ximos de indeniza\u00e7\u00e3o contratados.<\/p>\n<p>Nessa modalidade de seguro, os bens segurados s\u00e3o todos aqueles relacionados \u00e0s atividades agr\u00edcola, pecu\u00e1ria, aqu\u00edcola ou florestal que n\u00e3o tenham sido oferecidos em garantia de opera\u00e7\u00f5es de cr\u00e9dito rural.<\/p>\n<p>Na Renova Seguros voc\u00ea encontra as melhores solu\u00e7\u00f5es para proteger sua produ\u00e7\u00e3o, rebanho ou animais de competi\u00e7\u00e3o! Fa\u00e7a uma simula\u00e7\u00e3o gratuitamente ou entre em contato conosco pelo whatsapp e tire todas suas d\u00favidas.<\/p>\n<\/div>\n\t\t<\/div>\n\t\t\t\t\t<\/div>\n\n\t\n<\/div>\n<span class=\"scroll-to\" data-label=\"Scroll to: #coberturas\" data-bullet=\"false\" data-link=\"#coberturas\" data-title=\"coberturas\"><a name=\"coberturas\"><\/a><\/span>\n\n<div class=\"row\"  id=\"row-1244134963\">\n\n\t<div id=\"col-1107793028\" class=\"col small-12 large-12\"  >\n\t\t\t\t<div class=\"col-inner\"  >\n\t\t\t\n\t\t\t\n<div class=\"row\"  id=\"row-654213114\">\n\n\t<div id=\"col-59506625\" class=\"col medium-6 small-12 large-6\"  >\n\t\t\t\t<div class=\"col-inner text-center\"  >\n\t\t\t\n\t\t\t\n\t<div class=\"img has-hover x md-x lg-x y md-y lg-y\" id=\"image_300772148\">\n\t\t\t\t\t\t\t\t<div class=\"img-inner image-cover dark\" style=\"padding-top:150px;\">\n\t\t\t<img decoding=\"async\" width=\"1020\" height=\"424\" data-src=\"https:\/\/renovaseguros.com.br\/seguro-rural\/wp-content\/uploads\/2022\/08\/seguro-para-cavalos-1024x426.jpg\" class=\"attachment-large size-large lazyload\" alt=\"\" data-srcset=\"https:\/\/renovaseguros.com.br\/seguro-rural\/wp-content\/uploads\/2022\/08\/seguro-para-cavalos-1024x426.jpg 1024w, https:\/\/renovaseguros.com.br\/seguro-rural\/wp-content\/uploads\/2022\/08\/seguro-para-cavalos-300x125.jpg 300w, https:\/\/renovaseguros.com.br\/seguro-rural\/wp-content\/uploads\/2022\/08\/seguro-para-cavalos-768x320.jpg 768w, https:\/\/renovaseguros.com.br\/seguro-rural\/wp-content\/uploads\/2022\/08\/seguro-para-cavalos.jpg 1350w\" data-sizes=\"(max-width: 1020px) 100vw, 1020px\" src=\"data:image\/svg+xml;base64,PHN2ZyB3aWR0aD0iMSIgaGVpZ2h0PSIxIiB4bWxucz0iaHR0cDovL3d3dy53My5vcmcvMjAwMC9zdmciPjwvc3ZnPg==\" style=\"--smush-placeholder-width: 1020px; --smush-placeholder-aspect-ratio: 1020\/424;\" \/>\t\t\t\t\t\t\n\t\t\t\t\t<\/div>\n\t\t\t\t\t\t\t\t\n<style>\n#image_300772148 {\n  width: 100%;\n}\n<\/style>\n\t<\/div>\n\t\n<h2>SEGUROS PARA CAVALOS<\/h2>\n<a href=\"https:\/\/renovaseguros.com.br\/seguro-rural\/seguro-fianca-aluguel-residencial\/\" target=\"_self\" class=\"button secondary\"  >\n    <span>SAIBA MAIS<\/span>\n  <\/a>\n\n\t\t<\/div>\n\t\t\t\t\t<\/div>\n\n\t\n\n\t<div id=\"col-608255991\" class=\"col medium-6 small-12 large-6\"  >\n\t\t\t\t<div class=\"col-inner text-center\"  >\n\t\t\t\n\t\t\t\n\t<div class=\"img has-hover x md-x lg-x y md-y lg-y\" id=\"image_1632904076\">\n\t\t\t\t\t\t\t\t<div class=\"img-inner image-cover dark\" style=\"padding-top:150px;\">\n\t\t\t<img decoding=\"async\" width=\"1020\" height=\"678\" data-src=\"https:\/\/renovaseguros.com.br\/seguro-rural\/wp-content\/uploads\/2022\/08\/seguro-para-rebanhos-1024x681.png\" class=\"attachment-large size-large lazyload\" alt=\"\" data-srcset=\"https:\/\/renovaseguros.com.br\/seguro-rural\/wp-content\/uploads\/2022\/08\/seguro-para-rebanhos-1024x681.png 1024w, https:\/\/renovaseguros.com.br\/seguro-rural\/wp-content\/uploads\/2022\/08\/seguro-para-rebanhos-300x200.png 300w, https:\/\/renovaseguros.com.br\/seguro-rural\/wp-content\/uploads\/2022\/08\/seguro-para-rebanhos-768x511.png 768w, https:\/\/renovaseguros.com.br\/seguro-rural\/wp-content\/uploads\/2022\/08\/seguro-para-rebanhos.png 1260w\" data-sizes=\"(max-width: 1020px) 100vw, 1020px\" src=\"data:image\/svg+xml;base64,PHN2ZyB3aWR0aD0iMSIgaGVpZ2h0PSIxIiB4bWxucz0iaHR0cDovL3d3dy53My5vcmcvMjAwMC9zdmciPjwvc3ZnPg==\" style=\"--smush-placeholder-width: 1020px; --smush-placeholder-aspect-ratio: 1020\/678;\" \/>\t\t\t\t\t\t\n\t\t\t\t\t<\/div>\n\t\t\t\t\t\t\t\t\n<style>\n#image_1632904076 {\n  width: 100%;\n}\n<\/style>\n\t<\/div>\n\t\n<h2>SEGUROS PARA REBANHOS<\/h2>\n<a href=\"https:\/\/renovaseguros.com.br\/seguro-rural\/seguro-fianca-aluguel-comercial\/\" target=\"_self\" class=\"button secondary\"  >\n    <span>SAIBA MAIS<\/span>\n  <\/a>\n\n\t\t<\/div>\n\t\t\t\t\t<\/div>\n\n\t\n\n\t<div id=\"col-978164154\" class=\"col medium-6 small-12 large-6\"  >\n\t\t\t\t<div class=\"col-inner text-center\"  >\n\t\t\t\n\t\t\t\n\t<div class=\"img has-hover x md-x lg-x y md-y lg-y\" id=\"image_1908386559\">\n\t\t\t\t\t\t\t\t<div class=\"img-inner image-cover dark\" style=\"padding-top:150px;\">\n\t\t\t<img decoding=\"async\" width=\"1020\" height=\"574\" data-src=\"https:\/\/renovaseguros.com.br\/seguro-rural\/wp-content\/uploads\/2022\/08\/seguro-para-equipamentos-1024x576.jpg\" class=\"attachment-large size-large lazyload\" alt=\"\" data-srcset=\"https:\/\/renovaseguros.com.br\/seguro-rural\/wp-content\/uploads\/2022\/08\/seguro-para-equipamentos-1024x576.jpg 1024w, https:\/\/renovaseguros.com.br\/seguro-rural\/wp-content\/uploads\/2022\/08\/seguro-para-equipamentos-300x169.jpg 300w, https:\/\/renovaseguros.com.br\/seguro-rural\/wp-content\/uploads\/2022\/08\/seguro-para-equipamentos-768x432.jpg 768w, https:\/\/renovaseguros.com.br\/seguro-rural\/wp-content\/uploads\/2022\/08\/seguro-para-equipamentos.jpg 1280w\" data-sizes=\"(max-width: 1020px) 100vw, 1020px\" src=\"data:image\/svg+xml;base64,PHN2ZyB3aWR0aD0iMSIgaGVpZ2h0PSIxIiB4bWxucz0iaHR0cDovL3d3dy53My5vcmcvMjAwMC9zdmciPjwvc3ZnPg==\" style=\"--smush-placeholder-width: 1020px; --smush-placeholder-aspect-ratio: 1020\/574;\" \/>\t\t\t\t\t\t\n\t\t\t\t\t<\/div>\n\t\t\t\t\t\t\t\t\n<style>\n#image_1908386559 {\n  width: 100%;\n}\n<\/style>\n\t<\/div>\n\t\n<h2><span class=\"subtitulo_cza benchnine\">SEGUROS PARAM\u00c1QUINAS AGRICOLAS<\/span><\/h2>\n<a href=\"https:\/\/renovaseguros.com.br\/seguro-rural\/seguro-fianca-aluguel-universitario\/\" target=\"_self\" class=\"button secondary\"  >\n    <span>SAIBA MAIS<\/span>\n  <\/a>\n\n\t\t<\/div>\n\t\t\t\t\t<\/div>\n\n\t\n\n\t<div id=\"col-883288675\" class=\"col medium-6 small-12 large-6\"  >\n\t\t\t\t<div class=\"col-inner text-center\"  >\n\t\t\t\n\t\t\t\n\t<div class=\"img has-hover x md-x lg-x y md-y lg-y\" id=\"image_389981290\">\n\t\t\t\t\t\t\t\t<div class=\"img-inner image-cover dark\" style=\"padding-top:150px;\">\n\t\t\t<img decoding=\"async\" width=\"1020\" height=\"574\" data-src=\"https:\/\/renovaseguros.com.br\/seguro-rural\/wp-content\/uploads\/2022\/08\/seguro-maquinas-1024x576.jpg\" class=\"attachment-large size-large lazyload\" alt=\"\" data-srcset=\"https:\/\/renovaseguros.com.br\/seguro-rural\/wp-content\/uploads\/2022\/08\/seguro-maquinas-1024x576.jpg 1024w, https:\/\/renovaseguros.com.br\/seguro-rural\/wp-content\/uploads\/2022\/08\/seguro-maquinas-300x169.jpg 300w, https:\/\/renovaseguros.com.br\/seguro-rural\/wp-content\/uploads\/2022\/08\/seguro-maquinas-768x432.jpg 768w, https:\/\/renovaseguros.com.br\/seguro-rural\/wp-content\/uploads\/2022\/08\/seguro-maquinas.jpg 1280w\" data-sizes=\"(max-width: 1020px) 100vw, 1020px\" src=\"data:image\/svg+xml;base64,PHN2ZyB3aWR0aD0iMSIgaGVpZ2h0PSIxIiB4bWxucz0iaHR0cDovL3d3dy53My5vcmcvMjAwMC9zdmciPjwvc3ZnPg==\" style=\"--smush-placeholder-width: 1020px; --smush-placeholder-aspect-ratio: 1020\/574;\" \/>\t\t\t\t\t\t\n\t\t\t\t\t<\/div>\n\t\t\t\t\t\t\t\t\n<style>\n#image_389981290 {\n  width: 100%;\n}\n<\/style>\n\t<\/div>\n\t\n<h2>SEGUROS PARA FLORESTAS<\/h2>\n<a href=\"https:\/\/renovaseguros.com.br\/seguro-rural\/seguro-fianca-aluguel-empresarial\/\" target=\"_self\" class=\"button secondary\"  >\n    <span>SAIBA MAIS<\/span>\n  <\/a>\n\n\t\t<\/div>\n\t\t\t\t\t<\/div>\n\n\t\n<\/div>\n\t\t<\/div>\n\t\t\t\t\t<\/div>\n\n\t\n<\/div>\n\t<section class=\"section\" id=\"section_393937392\">\n\t\t<div class=\"bg section-bg fill bg-fill  bg-loaded\" >\n\n\t\t\t\n\t\t\t<div class=\"section-bg-overlay absolute fill\"><\/div>\n\t\t\t\n\n\t\t<\/div>\n\n\t\t<div class=\"section-content relative\">\n\t\t\t\n<div class=\"row\"  id=\"row-1507426549\">\n\n\t<div id=\"col-929376716\" class=\"col small-12 large-12\"  >\n\t\t\t\t<div class=\"col-inner\"  >\n\t\t\t\n\t\t\t\n\n\t\t<div class=\"icon-box featured-box icon-box-left text-left\"  >\n\t\t\t\t<div class=\"icon-box-text last-reset\">\n\t\t\t\t\t\t\t\t\t\n<h2 style=\"margin-bottom: 0px;\">D\u00favidas Frequentes<\/h2>\n<p style=\"font-weight: 600; color: #a8a8a8;\">CLIQUE PARA EXPANDIR<\/p>\n\t\t<\/div>\n\t<\/div>\n\t\n\t\n\t<div id=\"gap-967889636\" class=\"gap-element clearfix\" style=\"display:block; height:auto;\">\n\t\t\n<style>\n#gap-967889636 {\n  padding-top: 30px;\n}\n<\/style>\n\t<\/div>\n\t\n<div class=\"accordion\" rel=\"1\">\n<div class=\"accordion-item\"><a href=\"#\" class=\"accordion-title plain\"><button class=\"toggle\"><i class=\"icon-angle-down\"><\/i><\/button><span>O que \u00e9 o Seguro Rural?<\/span><\/a><div class=\"accordion-inner\">\n<p>O Seguro Rural abrange diversas atividades agr\u00edcolas e pecu\u00e1rias, garantindo cobertura desde o patrim\u00f4nio do produtor rural, at\u00e9 seus produtos, cr\u00e9dito para comercializa\u00e7\u00e3o desses produtos e seguro de vida para dos produtores. \u00a0<\/p>\n<p>As principais categorias de seguros rurais s\u00e3o:<\/p>\n<ul>\n<li>Seguros Agr\u00edcolas<\/li>\n<li>Seguros Pecu\u00e1rios<\/li>\n<li>Seguros Aqu\u00edcolas<\/li>\n<li>Seguro de Florestas<\/li>\n<li>Seguro de Penhor Rural<\/li>\n<li>Seguro de Benfeitorias e Produtos Agropecu\u00e1rios<\/li>\n<li>Seguro de Vida do Produtor Rural<\/li>\n<\/ul>\n<\/div><\/div>\n<div class=\"accordion-item\"><a href=\"#\" class=\"accordion-title plain\"><button class=\"toggle\"><i class=\"icon-angle-down\"><\/i><\/button><span>O que \u00e9 o Seguro Pecu\u00e1rio?<\/span><\/a><div class=\"accordion-inner\">\n<p>O Seguro Pecu\u00e1rio \u00e9 projetado para proteger os produtores contra perdas financeiras resultantes de morte acidental ou destrui\u00e7\u00e3o de animais de cria\u00e7\u00e3o, como gado bovino, su\u00edno, ovino, caprino, equino e aves. As principais coberturas incluem indeniza\u00e7\u00e3o por morte, abate sanit\u00e1rio, despesas com transporte e reposi\u00e7\u00e3o de animais.<\/p>\n<p>O Seguro Pecu\u00e1rio cobre danos diretos ou indiretos a animais destinados ao consumo e \u00e0 produ\u00e7\u00e3o. Dentro dessa modalidade, est\u00e3o inseridas as fases de cria, recria e engorda, al\u00e9m dos animais de trabalho de sela, tra\u00e7\u00e3o e no manejando pra fazenda.<\/p>\n<p>\u00c9 um seguro f\u00e1cil de contratar e a cobertura oferece indeniza\u00e7\u00e3o em caso de morte do animal segurado decorrente de diversos tipos de doen\u00e7as de carater n\u00e3o epid\u00eamico, acidentes, asfixia, inc\u00eandio, raio, insola\u00e7\u00e3o, entre outros.<\/p>\n<\/div><\/div>\n<div class=\"accordion-item\"><a href=\"#\" class=\"accordion-title plain\"><button class=\"toggle\"><i class=\"icon-angle-down\"><\/i><\/button><span>O que \u00e9 o Seguro Aqu\u00edcola?<\/span><\/a><div class=\"accordion-inner\">\n<p>O Seguro Aqu\u00edcola \u00e9 voltado para cria\u00e7\u00f5es aqu\u00e1ticas, e garante indeniza\u00e7\u00e3o ou reposi\u00e7\u00e3o de estoque em caso de mortalidade ou perda f\u00edsica. O seguro pode ser contratado tanto por cria\u00e7\u00f5es on shore (realizada em viveiros e tanques escavados) como off shore (realizada em tanque-rede, tanto em represas como no mar).<\/p>\n<p>O Seguro Aqu\u00edcola visa proteger os criadores de peixes e outras esp\u00e9cies aqu\u00e1ticas contra os riscos associados \u00e0 aquicultura, como doen\u00e7as, polui\u00e7\u00e3o da \u00e1gua, desastres naturais e roubo. As coberturas principais podem incluir a morte de peixes devido a doen\u00e7as ou condi\u00e7\u00f5es ambientais adversas, perdas resultantes de desastres naturais e danos \u00e0 infraestrutura aqu\u00e1tica.<\/p>\n<\/div><\/div>\n<div class=\"accordion-item\"><a href=\"#\" class=\"accordion-title plain\"><button class=\"toggle\"><i class=\"icon-angle-down\"><\/i><\/button><span>O que \u00e9 o Seguro de Florestas?<\/span><\/a><div class=\"accordion-inner\">\n<p>O seguro Florestal garante cobertura b\u00e1sica para preju\u00edzos causados por inc\u00eandio e raio, e pode ser ampliado por meio das coberturas adicionais que garantem indeniza\u00e7\u00e3o em casos de preju\u00edzos causados por ventos fortes e\/ou fen\u00f4menos naturais como geada, granizo, seca, entre outros.<\/p>\n<p>O Seguro de Florestas oferece cobertura contra os riscos que afetam planta\u00e7\u00f5es florestais, como inc\u00eandios, pragas, doen\u00e7as, tempestades e danos causados por animais selvagens. As principais coberturas incluem indeniza\u00e7\u00e3o por perda de \u00e1rvores, custos de limpeza e replantio, e despesas com medidas de preven\u00e7\u00e3o.<\/p>\n<p>O seguro florestal \u00e9 ideal para voc\u00ea que busca por garantia do valor de custeio para florestas em fase de desenvolvimento e do valor comercial para florestas em produ\u00e7\u00e3o \u2013 e est\u00e1 habilitado para participar dos programas de subven\u00e7\u00e3o federal e estadual (de S\u00e3o Paulo e Paran\u00e1) ao pr\u00eamio do seguro.<\/p>\n<\/div><\/div>\n<div class=\"accordion-item\"><a href=\"#\" class=\"accordion-title plain\"><button class=\"toggle\"><i class=\"icon-angle-down\"><\/i><\/button><span>O que \u00e9 o Seguro Penhor Rural?<\/span><\/a><div class=\"accordion-inner\">\n<p>O Seguro de Penhor Rural \u00e9 voltado para bens financiados e\/ou cedidos em garantia por cr\u00e9dito rural, como por exemplo propriedades rurais e conte\u00fados como insumos agr\u00edcolas, mat\u00e9rias primas, produtos agropecu\u00e1rios e equipamentos fixos.<\/p>\n<p>O Seguro Penhor Rural \u00e9 destinado a proteger os credores em opera\u00e7\u00f5es de penhor rural, garantindo o pagamento do empr\u00e9stimo em caso de perda ou dano ao bem penhorado, como m\u00e1quinas agr\u00edcolas, equipamentos, animais e produtos agr\u00edcolas. As coberturas podem incluir indeniza\u00e7\u00e3o por danos acidentais, roubo, inc\u00eandio e eventos clim\u00e1ticos adversos.<\/p>\n<p>As coberturas para as propriedades s\u00e3o contra inc\u00eandio, queda de raio, vendaval, despesas fixas, responsabilidade civil (explora\u00e7\u00e3o agr\u00edcola, fuga de animais e turismo rural), entre outras.<\/p>\n<p>Para m\u00e1quinas e equipamentos agr\u00edcolas, as coberturas garantem indeniza\u00e7\u00e3o em casos de danos el\u00e9tricos, furto simples, perda de lucro l\u00edquido, responsabilidade civil (maquinaria agr\u00edcola e empregador \u2013 operadores de m\u00e1quinas e\/ou equipamentos), entre outros.<\/p>\n<\/div><\/div>\n<div class=\"accordion-item\"><a href=\"#\" class=\"accordion-title plain\"><button class=\"toggle\"><i class=\"icon-angle-down\"><\/i><\/button><span>O que \u00e9 o Seguro para Cafezal?<\/span><\/a><div class=\"accordion-inner\">\n<p>O Seguro para Cafezal visa proteger os produtores de caf\u00e9 contra os riscos que afetam a produ\u00e7\u00e3o, como geada, seca, granizo, ventos fortes, doen\u00e7as e pragas. As coberturas principais incluem indeniza\u00e7\u00e3o por perda de safras, danos \u00e0s planta\u00e7\u00f5es e custos de replantio.<\/p>\n<p>O seguro cafezal tem como principal objetivo proteger a sua lavoura contra chuva de granizo ou geada, garantindo estabilidade de reinvestimento em caso de perda da produ\u00e7\u00e3o por imprevistos clim\u00e1ticos.<\/p>\n<p>As coberturas s\u00e3o voltadas a vida do p\u00e9 de caf\u00e9, al\u00e9m de a\u00e7\u00f5es necess\u00e1rias para que o cafezal se recupere e volte a produzir os gr\u00e3os o quanto antes. Podem ser contratadas diversas coberturas adicionais como perda de produ\u00e7\u00e3o e de tratamento fitossanit\u00e1rio.<\/p>\n<\/div><\/div>\n<div class=\"accordion-item\"><a href=\"#\" class=\"accordion-title plain\"><button class=\"toggle\"><i class=\"icon-angle-down\"><\/i><\/button><span>O que \u00e9 o Seguro para Colheita?<\/span><\/a><div class=\"accordion-inner\">\n<p>O Seguro para Colheita oferece prote\u00e7\u00e3o contra perdas financeiras decorrentes de danos \u00e0 colheita devido a eventos adversos, como intemp\u00e9ries clim\u00e1ticas, doen\u00e7as, pragas e acidentes. As coberturas podem incluir indeniza\u00e7\u00e3o por perda total ou parcial da colheita, despesas com replantio, custos de manejo e transporte, e danos \u00e0s instala\u00e7\u00f5es agr\u00edcolas.<\/p>\n<p>Esse seguro \u00e9 um seguro multirrisco voltado para diversos tipos de culturas como amendoim, algod\u00e3o, arroz, caf\u00e9, cana-de-a\u00e7\u00facar, girassol, cevada, milho, soja e trigo. A cobertura b\u00e1sica garante indeniza\u00e7\u00e3o em caso de Inc\u00eandio, seca, geada, ventos fortes, ventos frios, tromba-d\u2019\u00e1gua, granizo e chuvas excessivas.<\/p>\n<\/div><\/div>\n<div class=\"accordion-item\"><a href=\"#\" class=\"accordion-title plain\"><button class=\"toggle\"><i class=\"icon-angle-down\"><\/i><\/button><span>O que \u00e9 o Seguro contra Granizo?<\/span><\/a><div class=\"accordion-inner\">\n<p>O seguro contra granizo garante prote\u00e7\u00e3o para sua lavoura (cobrindo mais de 50 tipos de culturas) contra chuva de granizo, geadas e ventos fortes. Em caso de um dos sinistros cobertos, voc\u00ea recebe uma indeniza\u00e7\u00e3o em casos de diminui\u00e7\u00e3o ou perda da produ\u00e7\u00e3o.<\/p>\n<\/div><\/div>\n<\/div>\n\t\t<\/div>\n\t\t\t\t\t<\/div>\n\n\t\n<\/div>\n\t\t<\/div>\n\n\t\t\n<style>\n#section_393937392 {\n  padding-top: 30px;\n  padding-bottom: 30px;\n}\n#section_393937392 .section-bg-overlay {\n  background-color: rgb(253, 253, 253);\n}\n<\/style>\n\t<\/section>\n\t\n","protected":false},"excerpt":{"rendered":"","protected":false},"author":1,"featured_media":0,"parent":0,"menu_order":0,"comment_status":"closed","ping_status":"closed","template":"page-blank.php","meta":{"footnotes":""},"class_list":["post-14","page","type-page","status-publish","hentry"],"_links":{"self":[{"href":"https:\/\/renovaseguros.com.br\/seguro-rural\/wp-json\/wp\/v2\/pages\/14","targetHints":{"allow":["GET"]}}],"collection":[{"href":"https:\/\/renovaseguros.com.br\/seguro-rural\/wp-json\/wp\/v2\/pages"}],"about":[{"href":"https:\/\/renovaseguros.com.br\/seguro-rural\/wp-json\/wp\/v2\/types\/page"}],"author":[{"embeddable":true,"href":"https:\/\/renovaseguros.com.br\/seguro-rural\/wp-json\/wp\/v2\/users\/1"}],"replies":[{"embeddable":true,"href":"https:\/\/renovaseguros.com.br\/seguro-rural\/wp-json\/wp\/v2\/comments?post=14"}],"version-history":[{"count":62,"href":"https:\/\/renovaseguros.com.br\/seguro-rural\/wp-json\/wp\/v2\/pages\/14\/revisions"}],"predecessor-version":[{"id":54960,"href":"https:\/\/renovaseguros.com.br\/seguro-rural\/wp-json\/wp\/v2\/pages\/14\/revisions\/54960"}],"wp:attachment":[{"href":"https:\/\/renovaseguros.com.br\/seguro-rural\/wp-json\/wp\/v2\/media?parent=14"}],"curies":[{"name":"wp","href":"https:\/\/api.w.org\/{rel}","templated":true}]}}